4*t - 31 = 0. Calculate the remainder when x(l) is divided by 6.
5
Let v be 4/8*(2 - -6). Suppose 69 = v*a - 239. Calculate the remainder when a is divided by 20.
17
Suppose 9 + 1 = 5*j. What is the remainder when j/3*306/12 is divided by 6?
5
Let f(b) = b**2 - 13*b + 11. Let i be f(13). Suppose i + 15 = o. Suppose 2*c + 1 - 15 = 0. What is the remainder when o is divided by c?
5
Suppose 0 = -5*x + 2*q - 30 - 16, -x = 3*q - 1. Let r = x - -7. What is the remainder when 32 - (1 + (-1 - r)) is divided by 16?
15
Let b be (2 - -2)*21/2. Suppose 0*c + 2*c = b. Let p = 35 - c. Calculate the remainder when p is divided by 8.
6
Suppose -2*o = -z + 9 - 21, -45 = 5*z + 5*o. Let m = 17 + z. Calculate the remainder when m is divided by 2.
1
Let l(g) = 2*g**3 - 2*g**2 - 4*g - 2. What is the remainder when l(4) is divided by 20?
18
Let f = 71 + 17. What is the remainder when (f/(-24))/((-1)/3) is divided by 3?
2
Suppose q - 7 = 6. Let l = q - -6. What is the remainder when l is divided by ((-21)/(-9))/((-1)/(-3))?
5
Suppose -2*s + 26 = -16. Calculate the remainder when 62 is divided by s.
20
Let s(a) = -a**2 - 15*a + 29. Suppose -4*v + 114 = -v. What is the remainder when v is divided by s(-16)?
12
Let c = -2 - -3. Let b(m) = m - 2. What is the remainder when (1/c - 2)*-2 is divided by b(3)?
0
Let h(r) = -10*r**3 - r**2 - 2*r. Let y be h(-2). Suppose u = -c + 16, 5*u + y = 6*c - 3*c. Calculate the remainder when c is divided by ((-1)/2)/(1/(-22)).
9
Let g = 28 + 11. Calculate the remainder when g is divided by 174/8 + 12/(-16).
18
Let t(h) = -2*h**2 - 22*h - 11. What is the remainder when 68 is divided by t(-10)?
5
Let v(i) = -3*i**2 + 10*i + 9. Let f(n) = -n**2 + n. Let t(r) = -4*f(r) + v(r). Let l(j) = -8*j - 6. What is the remainder when l(-4) is divided by t(-6)?
8
Suppose 3*h = 7*h - 28. Calculate the remainder when 19 is divided by h.
5
Suppose 2*c - 139 = -39. Let p = 51 + -38. What is the remainder when c is divided by p?
11
Suppose 3*t = -3 - 3. Suppose 0 = 2*s - 5*s + 36. Calculate the remainder when (-94)/(-4) + 1/t is divided by s.
11
Suppose 4 = -2*x + x. Let l = 1 - x. Let q = 18 - 4. Calculate the remainder when q is divided by l.
4
Let s = 5 + -1. Calculate the remainder when 14 is divided by s.
2
Suppose 0 = 7*s - 62 + 13. Calculate the remainder when s is divided by 7.
0
Suppose 4*o - 4 = 12. Let r be (o - 2) + 2/1. Calculate the remainder when 34 is divided by ((-12)/(-15))/(r/90).
16
Suppose 4*w = 2*j + 210, 2*j = 3*w + 3*j - 150. Calculate the remainder when w is divided by 18.
15
Suppose -4*g = g - 35. Suppose -m + 5 = 3*z, 3*z + 1 + 24 = 5*m. Suppose 0*i = -4*t - i + 18, m*t + 5*i = 30. What is the remainder when g is divided by t?
3
Suppose 0 + 8 = 2*r. Suppose r*k = 17 - 1. Calculate the remainder when 205/k - (-3)/(-12) is divided by 13.
12
Let h = 8 - 4. Suppose 0*m - m + 152 = 5*l, 3*l + h*m - 98 = 0. Calculate the remainder when 119 is divided by l.
29
Suppose -3*a + 2*r + 77 = 0, 4*a + 2*r = 64 + 62. What is the remainder when a is divided by 8?
5
Let g = 2 + 0. What is the remainder when g is divided by 1?
0
Let c = -8 + 23. What is the remainder when c is divided by 4?
3
Let d = -5 + 9. Calculate the remainder when 11 is divided by d.
3
Let p(f) = 4*f + 8. Let x(n) = 13*n + 24. Let u(a) = 7*p(a) - 2*x(a). What is the remainder when 45 is divided by u(8)?
21
Let n = 7 + -3. Let x(d) = d**2 + 2*d**2 + 8*d - 4 - n*d**2. Calculate the remainder when 23 is divided by x(4).
11
Let i(c) = -c**2 - c + 26. Suppose 0*s + 2*s = -2. Let l = s - -1. Calculate the remainder when i(l) is divided by 14.
12
Let s be 2 + ((-3)/3 - -23). Suppose -s = -7*w + 2*w + 3*j, -2*w + 2*j + 8 = 0. Calculate the remainder when 16 is divided by w.
4
Let b be ((-1)/(-2))/((-2)/4). Let l be b/(-3) - 385/(-15). What is the remainder when (-4)/(-8) + l/4 is divided by 3?
1
Let p(s) = s**3 + 10*s**2 + 15*s + 18. What is the remainder when p(-6) is divided by 15?
12
Suppose 0 = -3*w + 2*d + 31, 43 = 7*w - 3*w - d. Calculate the remainder when 40 is divided by w.
7
Suppose 0 = 5*j + a - 30, 0 = 3*j + 3*a + a - 18. Let w(x) = -x**3 + 6*x**2 + x + 8. Calculate the remainder when w(j) is divided by (-80)/(-15)*6/4.
6
Suppose 0*a - 4*a = -44. Let u = 29 - a. What is the remainder when (-134)/(-4) - 2/(-4) is divided by u?
16
Let b = 26 + -19. What is the remainder when 26 is divided by b?
5
Calculate the remainder when 21 is divided by (9/(-3))/1 - -16.
8
Let o be 30*((-6)/10 + 1). Suppose o = i + i. Suppose 4*j - 5*a - 59 = 0, -4*a = 2*j - a - 13. What is the remainder when j is divided by i?
5
Let j be (-808)/(-40) - 2/10. Let g = j - 13. Calculate the remainder when g is divided by 5.
2
Suppose -m + 102 = 2*m. Let n be (2 - (-10)/(-4))*-4. Suppose -2*v = i - 3*i - m, i = -n. What is the remainder when v is divided by 8?
7
Let y = -2 - -2. Let d be (y - 2)*(-3)/(-2). Calculate the remainder when 20 is divided by 13 - (0 + (-1 - d)).
9
Let n be 0 + 1 + (-6)/2. Calculate the remainder when 24 + (3 - 5 - n) is divided by 9.
6
Let d(k) = -5*k + 4*k**2 + 1 - 2*k**2 + 5*k. What is the remainder when d(-3) is divided by 10?
9
Let j = -132 - -152. What is the remainder when j is divided by 6?
2
Let v = 0 + 32. What is the remainder when 123 is divided by v?
27
Let x(k) = -k**2 + 5*k + 4. Let o be x(6). Let h = o - -2. Suppose 2*i + h*i - 92 = 0. What is the remainder when i is divided by 16?
14
Let o = 1 - -10. Suppose -2*r = -3*k + 22, 3*k = r + o + 12. What is the remainder when k is divided by 28/6 + 1/3?
3
Suppose j + 3*j - 2*i = 196, -j - 3*i = -56. Suppose d + 12 = -5*n, 3*n - j = -2*d - 3*d. Calculate the remainder when 37 is divided by d.
11
Let c = 8 + 3. What is the remainder when 31 is divided by c?
9
Let r = 13 - 12. Calculate the remainder when -5*((-142)/10 + r) is divided by 17.
15
Suppose 0 = -4*s + 25 + 51. What is the remainder when s is divided by 5?
4
Suppose -3*i - 3*b = -2*i - 1, i - 3*b - 25 = 0. What is the remainder when i is divided by 7?
6
Let l(m) = m**2 - 3*m. Let w(j) = -j**3 - 6*j**2 - 7*j - 6. Let g = -18 + 13. What is the remainder when l(5) is divided by w(g)?
2
What is the remainder when ((-125)/10)/(1/(-2)) is divided by 15?
10
Suppose 0*g = -3*g - 18. Let k(u) = u**2 + 6*u + 2. Let d be k(g). Suppose 0*j - d*j + 14 = 0. What is the remainder when 12 is divided by j?
5
Let r(f) = -12*f**2 - 2*f + f**3 + 3*f**2 - 4*f**3 + 2*f**3. Calculate the remainder when 51 is divided by r(-9).
15
Let h(y) = -25*y. Suppose -4*f + 64 = -6*f. Let c = 45 + f. Calculate the remainder when h(-2) is divided by c.
11
Suppose -17 = -2*o + 3*t, 0*o - 2*o - t = -37. Let c = -9 + o. Calculate the remainder when 11 is divided by c.
4
Suppose 2*a + 23 = w, 2*a + 2*w = 5*w - 29. Let y = a + -2. Let b = y - -25. What is the remainder when b is divided by 7?
6
Let j(s) = s**2 - 2*s - 12. Calculate the remainder when j(-5) is divided by 9.
5
Suppose 26 - 14 = 4*h. Calculate the remainder when 6 is divided by h.
0
Let q be -10 + 0/(-2) + 0. Calculate the remainder when 40 is divided by 70/4*(-8)/q.
12
Let b(q) = q**3 + 8*q**2 + 5. Suppose 4*x - 2*x = -m - 18, -m = -4*x - 24. Calculate the remainder when b(x) is divided by 14.
12
Suppose -y - 4*t = -2*t - 17, -4*t - 66 = -2*y. Let l(a) = a**3 - 4*a**2 - 3*a - 1. What is the remainder when y is divided by l(5)?
7
Let k be 1/5 + (-11)/55. Suppose k*c + 6*c = 42. Let v(i) = -2*i - 6. Calculate the remainder when c is divided by v(-5).
3
Let y(n) = 16*n**2 + 9*n - 24. Let s(d) = -3*d**2 - 2*d + 5. Let u(t) = -11*s(t) - 2*y(t). What is the remainder when 8 is divided by u(-6)?
3
Suppose 7*j - 3*j + 4 = 0. Suppose 2*c - 4 = -2*c. What is the remainder when c is divided by (3/6)/(j/(-2))?
0
Suppose 6*m = -52 + 160. What is the remainder when 34 is divided by m?
16
Let x = -266 + 159. Let f = x - -216. Suppose 40 = -3*v + f. What is the remainder when v is divided by 12?
11
Let c(u) = -u**3 + 4*u**2 + 2. Let l be c(3). Suppose -4*z - 3*b - 2*b = -l, 2*b = -4*z + 14. What is the remainder when 14 is divided by z?
2
What is the remainder when (1*-6)/(6/(-9)) is divided by 4?
1
Let k = 17 + 17. Let p(y) = -3*y. Suppose m = -4*m - 4*g - 8, -24 = 3*m - 4*g. Calculate the remainder when k is divided by p(m).
10
Let m(i) = -11*i 